 by x?
16
Suppose 3*j + j - 3*f - 2719 = 0, -j = -2*f - 686. What is the remainder when j is divided by 113?
111
Suppose -2*g - n + 1 = -4, -8 = g - 3*n. Calculate the remainder when 6 is divided by g.
0
Suppose -l + 142 = -3*r - 0*r, -2*l - 4*r + 314 = 0. Calculate the remainder when l is divided by 51.
49
Suppose 4*c = 8*c - 8. Suppose 0 = -c*p - 2*p - i + 50, -3*p + 35 = 2*i. What is the remainder when 23 is divided by p?
10
Suppose -3*s - 40 + 106 = 0. Suppose -71*o + 696 = 67*o - 130*o. Calculate the remainder when o is divided by s.
21
Suppose 5*f - 23 = -3*b, 88 = 5*b - f + 3. Suppose -2*m = 2*m - 2*u - 382, -264 = -3*m - 3*u. What is the remainder when m is divided by b?
13
Let c(d) = -d**3 - 10*d**2 - 2*d - 3. Calculate the remainder when 82 is divided by c(-10).
14
Suppose 2*u - 33 = -3*q, -4*u = -u - 2*q - 30. Calculate the remainder when 5 is divided by 13/4 - 3/u.
2
Let b(z) = z + 28. Let v(l) = l**3 - 8*l**2 + 3*l + 10. Let o be v(7). Let j = -28 - o. What is the remainder when 71 is divided by b(j)?
17
Let i = 26 - 15. Let t be (0/2)/(i - 12). Calculate the remainder when 3 + 13 + t + 1 is divided by 9.
8
Let n(o) = o**2 - 4. Let q be n(-3). Suppose 5*z + q = 6*z. Calculate the remainder when 18 is divided by z.
3
Let j(t) be the second derivative of 17*t**3/6 + t**2/2 + t. Suppose 9*x + 130 = 74*x. Calculate the remainder when j(x) is divided by 19.
16
Let v = -6 + 11. Suppose -335 = v*f + 3*n, 2*f + 2*n - 3*n + 123 = 0. Let x = -44 - f. Calculate the remainder when x is divided by 11.
9
Let p(h) = h**2 + 7*h - 10. Calculate the remainder when 74 is divided by p(-11).
6
Let r(k) = -2*k**2 - 11*k + 22. What is the remainder when 3*2*1/2 is divided by r(-7)?
0
Let m(o) = o**2 + 3*o - 4. Let v be m(-4). Suppose 0 = 5*y + 3*l + 20, l + v*l = 2*y + 8. What is the remainder when 1*y/8*-190 is divided by 24?
23
Suppose -135*c = -130*c - 160. What is the remainder when 56 is divided by c?
24
Suppose -3*o - 5*u = -3, u + 3*u = -5*o - 8. Calculate the remainder when 8/6*15/1 is divided by 13/2 + 2/o.
2
Suppose 4*x - 1557 = 5*w, -2*x + 3*x + 4*w - 384 = 0. Calculate the remainder when x is divided by 65.
63
Calculate the remainder when 54/27 - (3/(-3) + -55) is divided by 51.
7
Let z(n) = n - 9. Let s be z(13). Suppose 3*k - 2*c + 233 = 0, s*c + 83 = -2*k - 83. Let x = -49 - k. Calculate the remainder when 89 is divided by x.
29
What is the remainder when 140 is divided by -2*1/8*(-183 + -5)?
46
Let l(c) = -c**2 + 10*c + 7. Let n(w) = -12*w - 273. Calculate the remainder when n(-28) is divided by l(9).
15
What is the remainder when (-7 - (-259)/35) + 223/5 is divided by 24?
21
Let u(i) = i**3 + 6*i**2 + 3. Let d be u(-6). Let f be (-2)/4*(-3 + d). Suppose 2*v - 16 - 28 = f. What is the remainder when 41 is divided by v?
19
Suppose 8*i + 3*i = 561. Let t = 103 - 90. Calculate the remainder when i is divided by t.
12
Let h(b) = -94*b + 694. Calculate the remainder when h(7) is divided by 15.
6
Let g(y) = 2*y - 2. What is the remainder when g(8) is divided by (-8)/(-56) + 5/14*22?
6
Let u = 110 - 86. Calculate the remainder when u is divided by 3.
0
Let b = 218 + -171. What is the remainder when b is divided by 6?
5
Calculate the remainder when 391 is divided by ((-5316)/(-27))/4 - (-10)/(-45).
48
Suppose 2*r + 1 - 3 = 0. Let c(p) = 20*p**3 + p - 4 + 3 + p. What is the remainder when c(r) is divided by 12?
9
Suppose 0 = -0*x + 5*x. Suppose -f - 4*f + 15 = x. Suppose 0 = -s + 2*v + 22, 0 = -4*s + f*v + 59 + 14. What is the remainder when 62 is divided by s?
14
Let s(f) = -f**2 + 6*f - 4. Let x(u) = 2*u + 15. Let p be x(-5). Let a be s(p). What is the remainder when 25 is divided by (-6 - -7)/(a/14)?
11
Suppose -3*x = x - 8. Let g be (32 - x)*(-6)/(-3). Suppose 5*p + g = 5*o, -5*o - 3*p = -4*o - 8. Calculate the remainder when 31 is divided by o.
9
Suppose 7*g = 397 + 1584. Calculate the remainder when g is divided by 92.
7
Let p = 12 - 12. Suppose 2*r - 19 = -3*o, 4*r = -p*r + 5*o - 17. Suppose -5*j = 3*u + 17, -5*j - 24 = -2*u - r. Calculate the remainder when 2 is divided by u.
0
Suppose 0 = -4*s - 275 + 395. Calculate the remainder when 88 is divided by s.
28
Suppose -5*h - 3*b = -1141, 0 = -5*h - 2*b + 1537 - 398. What is the remainder when h is divided by 78?
71
Suppose 3 + 2 = 5*k. Let p(y) = -y**3 + 19*y**2 + 93*y - 17. What is the remainder when (-1)/(k/(-22)*2) is divided by p(23)?
5
Suppose 6*g - 10 = 4*g. Let q(v) = v**3 - v**2 - 11*v - 4. What is the remainder when q(g) is divided by 15?
11
Let w be (-130)/6 - 6/(-9). Suppose -f + 2*b + 14 = 0, -5*f + 5*b + 140 = 9*b. Let c = f + w. Calculate the remainder when 9 is divided by c.
0
Suppose -m = m - 24. Let z = m + -7. Let t = -18 - -30. Calculate the remainder when t is divided by z.
2
Let m(l) = -4*l**3 - 4*l**2 - l + 2. Let n be m(-2). Suppose 335*p - 331*p = 24. Calculate the remainder when ((-24)/(-10))/(3/n) is divided by p.
4
Suppose 17*c = 11*c + 1224. Calculate the remainder when c is divided by 30.
24
Calculate the remainder when 146 is divided by -2 - 434/(-10) - 6/(-10).
20
Suppose 7 = o - 83. Suppose -3*f + o + 54 = 0. Calculate the remainder when f is divided by 25.
23
Calculate the remainder when 265 is divided by ((-28)/(-12) - 2)/((-12)/(-2448)).
61
Calculate the remainder when 220 is divided by 7 + (0 - 3/(-3)*30).
35
Let q = -344 + 492. What is the remainder when q is divided by 13?
5
Let a = 72 + -35. Let x = -2 + a. What is the remainder when x is divided by 22?
13
Let y = 1730 + -1695. Calculate the remainder when 193 is divided by y.
18
Let g(h) be the third derivative of 13*h**5/60 + 6*h**2. Suppose 2*i - 6 = 5*j, -5*j = -2*i + 5*i - 34. What is the remainder when g(-1) is divided by i?
5
Suppose c + 116 - 17 = 0. Let o = c + 109. Calculate the remainder when 17 is divided by o.
7
Suppose 12 + 26 = -4*u - 6*k, 0 = u + 3*k + 20. Suppose o = 3*o - 28. Suppose -h = -t + 6, h - o = t + 5*h. What is the remainder when t is divided by u?
0
Let u be 2/(3*2/3). Let k be (5 - 3)/((-1)/u). Let s = k + 18. What is the remainder when 63 is divided by s?
15
Let r(h) = h**3 + 6*h**2 - 8*h + 4. Let s(x) = -19*x**2 - 1. Let j be s(-1). Let z be (35/j)/((-3)/(-12)). What is the remainder when 21 is divided by r(z)?
10
Let n be 2/((4 + -2)/(21 + -4)). Suppose -4*s + 2*s = -10. Suppose -s*v = -28 - n. Calculate the remainder when 16 is divided by v.
7
Let k(s) = 6*s**2 + 2*s + 1. Let n = -161 - -114. Let g = n - -56. Calculate the remainder when g is divided by k(-1).
4
Suppose 0 = s - 5*h + 23, 3*s + 13 = h - 14. Let q = s - -11. Suppose q*b = 41 + 10. What is the remainder when b is divided by 10?
7
Let l be (-5 + 4)*(4 - 1). Let k = -1 - l. Suppose -k*v - 2*j + 87 = -j, 4*v - j - 159 = 0. What is the remainder when v is divided by 22?
19
Suppose -2*d = -5*q + 30, 2*d - 10 = -0*q - 5*q. Suppose 10*c - 1428 = -q*c. What is the remainder when c is divided by 26?
24
Suppose 5*l + 160 = 490. Let b = 1 + -5. What is the remainder when l is divided by ((-51)/(-12))/(b/(-16))?
15
Suppose 3*h - 4*h = -5. Suppose h*j - 11 = -o, -23 = 3*o - 7*o + j. What is the remainder when 29 is divided by o?
5
Let b be 15/((-105)/182) - (0 + 1). What is the remainder when (-1920)/b + (-4)/36 is divided by 24?
23
Suppose -4*f + 77 + 59 = 0. What is the remainder when f is divided by 2?
0
Suppose 5*g - 16*p = -15*p + 142, -4*g - 5*p = -102. Calculate the remainder when g is divided by 26.
2
Suppose -2*x = 1 - 9. Suppose 22 = x*o - 22. What is the remainder when 53 is divided by o?
9
Let r = 10 + -10. Suppose 3*z - 9 = -r*z. Suppose 2*u - z*f = -6, -3*f + 11 = -1. What is the remainder when 10 is divided by u?
1
Let w = -18 + 35. Suppose 4*l - 66 = 3*l + 2*i, 3*l - 207 = -3*i. Let z = l - 20. Calculate the remainder when z is divided by w.
14
Let s = -26 + 54. Let n = s - 27. Calculate the remainder when 1 is divided by n.
0
Let h = 486 - 460. What is the remainder when 105 is divided by h?
1
Suppose 0*c = -2*c, -3*i - 36 = -5*c. Calculate the remainder when (-9)/i + 0 + 2107/28 is divided by 27.
22
Suppose -154 - 260 = -6*u. Let f = -66 + u. Calculate the remainder when 12 is divided by f.
0
Let c(f) = f**3 + 5*f**2 - 6*f - 2. Let o be c(-6). Let l = 6 + o. What is the remainder when (18/(-27))